{"id":186,"date":"2023-04-19T13:01:09","date_gmt":"2023-04-19T13:01:09","guid":{"rendered":"http:\/\/demo.stoffberg.co.za\/new\/?page_id=186"},"modified":"2023-04-23T06:07:41","modified_gmt":"2023-04-23T06:07:41","slug":"kultuur","status":"publish","type":"page","link":"http:\/\/demo.stoffberg.co.za\/new\/kultuur\/","title":{"rendered":"Kultuur"},"content":{"rendered":"\t\t<div data-elementor-type=\"wp-page\" data-elementor-id=\"186\" class=\"elementor elementor-186\">\n\t\t\t\t\t\t<section class=\"elementor-section elementor-top-section elementor-element elementor-element-3a250446 elementor-section-boxed elementor-section-height-default elementor-section-height-default\" data-id=\"3a250446\" data-element_type=\"section\" data-e-type=\"section\">\n\t\t\t\t\t\t<div class=\"elementor-container elementor-column-gap-default\">\n\t\t\t\t\t<div class=\"elementor-column elementor-col-100 elementor-top-column elementor-element elementor-element-58663a08\" data-id=\"58663a08\" data-element_type=\"column\" data-e-type=\"column\">\n\t\t\t<div class=\"elementor-widget-wrap elementor-element-populated\">\n\t\t\t\t\t\t<div class=\"elementor-element elementor-element-5ca42109 elementor-widget elementor-widget-image\" data-id=\"5ca42109\" data-element_type=\"widget\" data-e-type=\"widget\" data-widget_type=\"image.default\">\n\t\t\t\t<div class=\"elementor-widget-container\">\n\t\t\t\t\t\t\t\t\t\t\t\t\t\t\t<img fetchpriority=\"high\" decoding=\"async\" width=\"1112\" height=\"624\" src=\"https:\/\/demo.stoffberg.co.za\/new\/wp-content\/uploads\/2023\/04\/stoffberg-kultuur-1.jpg\" class=\"attachment-full size-full wp-image-251\" alt=\"\" srcset=\"https:\/\/demo.stoffberg.co.za\/new\/wp-content\/uploads\/2023\/04\/stoffberg-kultuur-1.jpg 1112w, https:\/\/demo.stoffberg.co.za\/new\/wp-content\/uploads\/2023\/04\/stoffberg-kultuur-1-300x168.jpg 300w, https:\/\/demo.stoffberg.co.za\/new\/wp-content\/uploads\/2023\/04\/stoffberg-kultuur-1-1024x575.jpg 1024w, https:\/\/demo.stoffberg.co.za\/new\/wp-content\/uploads\/2023\/04\/stoffberg-kultuur-1-768x431.jpg 768w\" sizes=\"(max-width: 1112px) 100vw, 1112px\" \/>\t\t\t\t\t\t\t\t\t\t\t\t\t\t\t<\/div>\n\t\t\t\t<\/div>\n\t\t\t\t\t<\/div>\n\t\t<\/div>\n\t\t\t\t\t<\/div>\n\t\t<\/section>\n\t\t\t\t<section class=\"elementor-section elementor-top-section elementor-element elementor-element-e62c393 elementor-section-boxed elementor-section-height-default elementor-section-height-default\" data-id=\"e62c393\" data-element_type=\"section\" data-e-type=\"section\">\n\t\t\t\t\t\t<div class=\"elementor-container elementor-column-gap-default\">\n\t\t\t\t\t<div class=\"elementor-column elementor-col-33 elementor-top-column elementor-element elementor-element-553e896\" data-id=\"553e896\" data-element_type=\"column\" data-e-type=\"column\">\n\t\t\t<div class=\"elementor-widget-wrap\">\n\t\t\t\t\t\t\t<\/div>\n\t\t<\/div>\n\t\t\t\t<div class=\"elementor-column elementor-col-33 elementor-top-column elementor-element elementor-element-f8f920c\" data-id=\"f8f920c\" data-element_type=\"column\" data-e-type=\"column\">\n\t\t\t<div class=\"elementor-widget-wrap elementor-element-populated\">\n\t\t\t\t\t\t<div class=\"elementor-element elementor-element-feb5a87 elementor-widget elementor-widget-heading\" data-id=\"feb5a87\" data-element_type=\"widget\" data-e-type=\"widget\" data-widget_type=\"heading.default\">\n\t\t\t\t<div class=\"elementor-widget-container\">\n\t\t\t\t\t<h2 class=\"elementor-heading-title elementor-size-default\">Kultuur<\/h2>\t\t\t\t<\/div>\n\t\t\t\t<\/div>\n\t\t\t\t<div class=\"elementor-element elementor-element-206f1b7 elementor-widget elementor-widget-heading\" data-id=\"206f1b7\" data-element_type=\"widget\" data-e-type=\"widget\" data-widget_type=\"heading.default\">\n\t\t\t\t<div class=\"elementor-widget-container\">\n\t\t\t\t\t<h2 class=\"elementor-heading-title elementor-size-default\">Ons vele kultuuraktiwiteite sorg dat talle individue en groepe stories kan vertel en so selfvertroue kan bou. Hier droom ons kultuursterre 'n groter droom. Ons spog met bekende kunstenaars op vele gebiede wat by Ho\u00ebrskool Stoffberg gematrikuleer het.<\/h2>\t\t\t\t<\/div>\n\t\t\t\t<\/div>\n\t\t\t\t\t<\/div>\n\t\t<\/div>\n\t\t\t\t<div class=\"elementor-column elementor-col-33 elementor-top-column elementor-element elementor-element-301cecd\" data-id=\"301cecd\" data-element_type=\"column\" data-e-type=\"column\">\n\t\t\t<div class=\"elementor-widget-wrap elementor-element-populated\">\n\t\t\t\t\t\t<div class=\"elementor-element elementor-element-3c3644f elementor-widget elementor-widget-image\" data-id=\"3c3644f\" data-element_type=\"widget\" data-e-type=\"widget\" data-widget_type=\"image.default\">\n\t\t\t\t<div class=\"elementor-widget-container\">\n\t\t\t\t\t\t\t\t\t\t\t\t\t\t\t<img decoding=\"async\" width=\"182\" height=\"163\" src=\"https:\/\/demo.stoffberg.co.za\/new\/wp-content\/uploads\/2023\/04\/kultuur-voeljie.jpg\" class=\"attachment-large size-large wp-image-288\" alt=\"\" \/>\t\t\t\t\t\t\t\t\t\t\t\t\t\t\t<\/div>\n\t\t\t\t<\/div>\n\t\t\t\t\t<\/div>\n\t\t<\/div>\n\t\t\t\t\t<\/div>\n\t\t<\/section>\n\t\t\t\t<section class=\"elementor-section elementor-top-section elementor-element elementor-element-ced4754 elementor-section-boxed elementor-section-height-default elementor-section-height-default\" data-id=\"ced4754\" data-element_type=\"section\" data-e-type=\"section\">\n\t\t\t\t\t\t<div class=\"elementor-container elementor-column-gap-default\">\n\t\t\t\t\t<div class=\"elementor-column elementor-col-33 elementor-top-column elementor-element elementor-element-3279d00\" data-id=\"3279d00\" data-element_type=\"column\" data-e-type=\"column\">\n\t\t\t<div class=\"elementor-widget-wrap elementor-element-populated\">\n\t\t\t\t\t\t<div class=\"elementor-element elementor-element-a62bfc7 elementor-widget elementor-widget-image\" data-id=\"a62bfc7\" data-element_type=\"widget\" data-e-type=\"widget\" data-widget_type=\"image.default\">\n\t\t\t\t<div class=\"elementor-widget-container\">\n\t\t\t\t\t\t\t\t\t\t\t\t\t\t\t<img decoding=\"async\" width=\"336\" height=\"170\" src=\"https:\/\/demo.stoffberg.co.za\/new\/wp-content\/uploads\/2023\/04\/stoffberg-kunswedstryd.jpg\" class=\"attachment-large size-large wp-image-289\" alt=\"\" srcset=\"https:\/\/demo.stoffberg.co.za\/new\/wp-content\/uploads\/2023\/04\/stoffberg-kunswedstryd.jpg 336w, https:\/\/demo.stoffberg.co.za\/new\/wp-content\/uploads\/2023\/04\/stoffberg-kunswedstryd-300x152.jpg 300w\" sizes=\"(max-width: 336px) 100vw, 336px\" \/>\t\t\t\t\t\t\t\t\t\t\t\t\t\t\t<\/div>\n\t\t\t\t<\/div>\n\t\t\t\t<div class=\"elementor-element elementor-element-c460fa5 elementor-widget elementor-widget-heading\" data-id=\"c460fa5\" data-element_type=\"widget\" data-e-type=\"widget\" data-widget_type=\"heading.default\">\n\t\t\t\t<div class=\"elementor-widget-container\">\n\t\t\t\t\t<h2 class=\"elementor-heading-title elementor-size-default\">Kunswedstryd, die lewegewende polsslag van Kultuur by Stoffberg. Ons neem deel in groepe, ons neem deel as individue, ons neem met trots deel as Stoffies. Ons betree die verhoog van vele Kunswedstryd- en Eistedfodd-kompetisies in ons omgewing, Ons dansers, sangers, musikante, sprekers en akteurs se idees kry hier gestalte. Ons 'perform' dat die STOFF so staan!<\/h2>\t\t\t\t<\/div>\n\t\t\t\t<\/div>\n\t\t\t\t\t<\/div>\n\t\t<\/div>\n\t\t\t\t<div class=\"elementor-column elementor-col-33 elementor-top-column elementor-element elementor-element-da7de18\" data-id=\"da7de18\" data-element_type=\"column\" data-e-type=\"column\">\n\t\t\t<div class=\"elementor-widget-wrap elementor-element-populated\">\n\t\t\t\t\t\t<div class=\"elementor-element elementor-element-8497f27 elementor-widget elementor-widget-image\" data-id=\"8497f27\" data-element_type=\"widget\" data-e-type=\"widget\" data-widget_type=\"image.default\">\n\t\t\t\t<div class=\"elementor-widget-container\">\n\t\t\t\t\t\t\t\t\t\t\t\t\t\t\t<img loading=\"lazy\" decoding=\"async\" width=\"336\" height=\"167\" src=\"https:\/\/demo.stoffberg.co.za\/new\/wp-content\/uploads\/2023\/04\/stoffberg-produksie.jpg\" class=\"attachment-large size-large wp-image-290\" alt=\"\" srcset=\"https:\/\/demo.stoffberg.co.za\/new\/wp-content\/uploads\/2023\/04\/stoffberg-produksie.jpg 336w, https:\/\/demo.stoffberg.co.za\/new\/wp-content\/uploads\/2023\/04\/stoffberg-produksie-300x149.jpg 300w\" sizes=\"(max-width: 336px) 100vw, 336px\" \/>\t\t\t\t\t\t\t\t\t\t\t\t\t\t\t<\/div>\n\t\t\t\t<\/div>\n\t\t\t\t<div class=\"elementor-element elementor-element-85c0022 elementor-widget elementor-widget-heading\" data-id=\"85c0022\" data-element_type=\"widget\" data-e-type=\"widget\" data-widget_type=\"heading.default\">\n\t\t\t\t<div class=\"elementor-widget-container\">\n\t\t\t\t\t<h2 class=\"elementor-heading-title elementor-size-default\">Ons is \"warriors\" vir CHRISTUS en by Ho\u00ebrskool Stoffberg maak ons JESUS se Naam groot. Ons kom elke Dinsdag tydens pouse bymekaar waar ons die HERE loof en prys. Ons hou weeklikse kompetisies met die beste belonings. @Faith is die harklop van Stoffberg want Jesus lewe in ons.<\/h2>\t\t\t\t<\/div>\n\t\t\t\t<\/div>\n\t\t\t\t\t<\/div>\n\t\t<\/div>\n\t\t\t\t<div class=\"elementor-column elementor-col-33 elementor-top-column elementor-element elementor-element-a75c1d0\" data-id=\"a75c1d0\" data-element_type=\"column\" data-e-type=\"column\">\n\t\t\t<div class=\"elementor-widget-wrap elementor-element-populated\">\n\t\t\t\t\t\t<div class=\"elementor-element elementor-element-fdb33c8 elementor-widget elementor-widget-image\" data-id=\"fdb33c8\" data-element_type=\"widget\" data-e-type=\"widget\" data-widget_type=\"image.default\">\n\t\t\t\t<div class=\"elementor-widget-container\">\n\t\t\t\t\t\t\t\t\t\t\t\t\t\t\t<img loading=\"lazy\" decoding=\"async\" width=\"336\" height=\"167\" src=\"https:\/\/demo.stoffberg.co.za\/new\/wp-content\/uploads\/2023\/04\/stoffberg-produksie-2.jpg\" class=\"attachment-large size-large wp-image-291\" alt=\"\" srcset=\"https:\/\/demo.stoffberg.co.za\/new\/wp-content\/uploads\/2023\/04\/stoffberg-produksie-2.jpg 336w, https:\/\/demo.stoffberg.co.za\/new\/wp-content\/uploads\/2023\/04\/stoffberg-produksie-2-300x149.jpg 300w\" sizes=\"(max-width: 336px) 100vw, 336px\" \/>\t\t\t\t\t\t\t\t\t\t\t\t\t\t\t<\/div>\n\t\t\t\t<\/div>\n\t\t\t\t<div class=\"elementor-element elementor-element-c95e903 elementor-widget elementor-widget-heading\" data-id=\"c95e903\" data-element_type=\"widget\" data-e-type=\"widget\" data-widget_type=\"heading.default\">\n\t\t\t\t<div class=\"elementor-widget-container\">\n\t\t\t\t\t<h2 class=\"elementor-heading-title elementor-size-default\">Een van Ho\u00ebrskool Stoffberg se oudste tradisies.... Produksie is wat ons anders maak as die res. Hier kry leerders geleentheid om die beste weergawe van hulself te ontdek in sang en dans. Met professionele choreograwe, 'n w\u00eareldklas ateljee, ingevoerde ontwerperskostuums tesame met harde werk, slaan ons mense se asems weg met hierdie uitstalling van talent elke jaar.\nDie Produksie familie wag vir jou.<\/h2>\t\t\t\t<\/div>\n\t\t\t\t<\/div>\n\t\t\t\t\t<\/div>\n\t\t<\/div>\n\t\t\t\t\t<\/div>\n\t\t<\/section>\n\t\t\t\t<section class=\"elementor-section elementor-top-section elementor-element elementor-element-a6650d0 elementor-section-boxed elementor-section-height-default elementor-section-height-default\" data-id=\"a6650d0\" data-element_type=\"section\" data-e-type=\"section\">\n\t\t\t\t\t\t<div class=\"elementor-container elementor-column-gap-default\">\n\t\t\t\t\t<div class=\"elementor-column elementor-col-33 elementor-top-column elementor-element elementor-element-f19f1e7\" data-id=\"f19f1e7\" data-element_type=\"column\" data-e-type=\"column\">\n\t\t\t<div class=\"elementor-widget-wrap elementor-element-populated\">\n\t\t\t\t\t\t<div class=\"elementor-element elementor-element-3bc506d elementor-widget elementor-widget-image\" data-id=\"3bc506d\" data-element_type=\"widget\" data-e-type=\"widget\" data-widget_type=\"image.default\">\n\t\t\t\t<div class=\"elementor-widget-container\">\n\t\t\t\t\t\t\t\t\t\t\t\t\t\t\t<img loading=\"lazy\" decoding=\"async\" width=\"313\" height=\"156\" src=\"https:\/\/demo.stoffberg.co.za\/new\/wp-content\/uploads\/2023\/04\/stoffberg-redenaars.jpg\" class=\"attachment-large size-large wp-image-310\" alt=\"\" srcset=\"https:\/\/demo.stoffberg.co.za\/new\/wp-content\/uploads\/2023\/04\/stoffberg-redenaars.jpg 313w, https:\/\/demo.stoffberg.co.za\/new\/wp-content\/uploads\/2023\/04\/stoffberg-redenaars-300x150.jpg 300w\" sizes=\"(max-width: 313px) 100vw, 313px\" \/>\t\t\t\t\t\t\t\t\t\t\t\t\t\t\t<\/div>\n\t\t\t\t<\/div>\n\t\t\t\t<div class=\"elementor-element elementor-element-75d2197 elementor-widget elementor-widget-heading\" data-id=\"75d2197\" data-element_type=\"widget\" data-e-type=\"widget\" data-widget_type=\"heading.default\">\n\t\t\t\t<div class=\"elementor-widget-container\">\n\t\t\t\t\t<h2 class=\"elementor-heading-title elementor-size-default\">Afrikaans - s\u00eagoed is skietgoed!\nBy Ho\u00ebrskool Stoffberg spog ons met dinamiese sprekers wat hul s\u00ea kan s\u00ea en hul standpunte kan beredeneer. Ons is trots op elke Stoffberg Redenaar. Stoffie-sprekers neem in die eerste kwartaal deel aan ons interne Redenaars kompetisie en die top 2 leerders in elke graad dring deur na die jaarlikse Interdorp Redenaars kompetisie. Stoffberg leerders het jaar in en jaar uit al stof(f) in die ander sprekers se o\u00eb geskop en uitsonderlike prestasies behaal. Op provinsiale vlak neem ons leerders deel aan die Gauteng Interskole Redenaarsliga, waar ons puik prestasies behaal. Stoffberg loop beslis oor van uitsonderlike en besonderse kinders met die wonderlikste talente! Leerders neem met vrymoedigheid deel aan die ATKV Redenaarskompetisie en vaar besonders goed. Ons is elke jaar opgewonde om Gr. 8 sprekers te verwelkom in ons Redenaarsspan en sien uit na al die geleenthede wat Redenaars ons kan bied.\nAfrikaans - trippel op al meer tonge!<\/h2>\t\t\t\t<\/div>\n\t\t\t\t<\/div>\n\t\t\t\t\t<\/div>\n\t\t<\/div>\n\t\t\t\t<div class=\"elementor-column elementor-col-33 elementor-top-column elementor-element elementor-element-fce8cd6\" data-id=\"fce8cd6\" data-element_type=\"column\" data-e-type=\"column\">\n\t\t\t<div class=\"elementor-widget-wrap elementor-element-populated\">\n\t\t\t\t\t\t<div class=\"elementor-element elementor-element-85e5b61 elementor-widget elementor-widget-image\" data-id=\"85e5b61\" data-element_type=\"widget\" data-e-type=\"widget\" data-widget_type=\"image.default\">\n\t\t\t\t<div class=\"elementor-widget-container\">\n\t\t\t\t\t\t\t\t\t\t\t\t\t\t\t<img loading=\"lazy\" decoding=\"async\" width=\"313\" height=\"156\" src=\"https:\/\/demo.stoffberg.co.za\/new\/wp-content\/uploads\/2023\/04\/stoffberg-public-speaking.jpg\" class=\"attachment-large size-large wp-image-311\" alt=\"\" srcset=\"https:\/\/demo.stoffberg.co.za\/new\/wp-content\/uploads\/2023\/04\/stoffberg-public-speaking.jpg 313w, https:\/\/demo.stoffberg.co.za\/new\/wp-content\/uploads\/2023\/04\/stoffberg-public-speaking-300x150.jpg 300w\" sizes=\"(max-width: 313px) 100vw, 313px\" \/>\t\t\t\t\t\t\t\t\t\t\t\t\t\t\t<\/div>\n\t\t\t\t<\/div>\n\t\t\t\t<div class=\"elementor-element elementor-element-3c92948 elementor-widget elementor-widget-heading\" data-id=\"3c92948\" data-element_type=\"widget\" data-e-type=\"widget\" data-widget_type=\"heading.default\">\n\t\t\t\t<div class=\"elementor-widget-container\">\n\t\t\t\t\t<h2 class=\"elementor-heading-title elementor-size-default\">Elke leerder by Ho\u00ebrskool Stoffberg het 'n stem van sy eie. By die skool se Public Speaking skep ons 'n platvorm waar elke leerder uiting kan gee aan hulle eie opinies en denke. Public Speaking vat die formaat aan van Redenaars, maar net in Engels medium. Leerders word gemotiveer om hulle opinies en denkwyses kreatief tog akademies uit te l\u00ea. Jaarliks neem ons deel aan \"internal Public Speaking\", inter-dorp Public Speaking &amp; 'n uitnooi geleentheid jaareinde. Leerders neem ook deel aan Nasionale kompetisies.<\/h2>\t\t\t\t<\/div>\n\t\t\t\t<\/div>\n\t\t\t\t\t<\/div>\n\t\t<\/div>\n\t\t\t\t<div class=\"elementor-column elementor-col-33 elementor-top-column elementor-element elementor-element-d941d0c\" data-id=\"d941d0c\" data-element_type=\"column\" data-e-type=\"column\">\n\t\t\t<div class=\"elementor-widget-wrap elementor-element-populated\">\n\t\t\t\t\t\t<div class=\"elementor-element elementor-element-ebc8541 elementor-widget elementor-widget-image\" data-id=\"ebc8541\" data-element_type=\"widget\" data-e-type=\"widget\" data-widget_type=\"image.default\">\n\t\t\t\t<div class=\"elementor-widget-container\">\n\t\t\t\t\t\t\t\t\t\t\t\t\t\t\t<img loading=\"lazy\" decoding=\"async\" width=\"313\" height=\"156\" src=\"https:\/\/demo.stoffberg.co.za\/new\/wp-content\/uploads\/2023\/04\/stoffberg-mnr-en-mej-stoffie.jpg\" class=\"attachment-large size-large wp-image-312\" alt=\"\" srcset=\"https:\/\/demo.stoffberg.co.za\/new\/wp-content\/uploads\/2023\/04\/stoffberg-mnr-en-mej-stoffie.jpg 313w, https:\/\/demo.stoffberg.co.za\/new\/wp-content\/uploads\/2023\/04\/stoffberg-mnr-en-mej-stoffie-300x150.jpg 300w\" sizes=\"(max-width: 313px) 100vw, 313px\" \/>\t\t\t\t\t\t\t\t\t\t\t\t\t\t\t<\/div>\n\t\t\t\t<\/div>\n\t\t\t\t<div class=\"elementor-element elementor-element-d9fef3d elementor-widget elementor-widget-heading\" data-id=\"d9fef3d\" data-element_type=\"widget\" data-e-type=\"widget\" data-widget_type=\"heading.default\">\n\t\t\t\t<div class=\"elementor-widget-container\">\n\t\t\t\t\t<h2 class=\"elementor-heading-title elementor-size-default\">\"Ligte, kameras - aksie!\" \nAs die kolligte aangaan op die Stoffberg-loopplank begin die poppe (en manne) dans! Die elegante dames en sjarmante here omtower die loopplank in 'n skouspel van skoonheid-in-askie.\nMnr en Mej Stoffie is altyd 'n reuse sukses en dit is elke keer 'n aand vol pret en 'panache'. Hoe meer deelnemers hoe meer vreugde. Daar word beoog om 'n Junior en Senior Meneer-en Mej Stoffie te kroon. Hou ons Facebook en Instagram blad dop vir meer inligting rakende die grootste, sprankelende geleentheid.\nLigte, kameras - ambassadeurs-in-aksie!\nStoffies.... Kry jul modelpassies gereed...<\/h2>\t\t\t\t<\/div>\n\t\t\t\t<\/div>\n\t\t\t\t\t<\/div>\n\t\t<\/div>\n\t\t\t\t\t<\/div>\n\t\t<\/section>\n\t\t\t\t<section class=\"elementor-section elementor-top-section elementor-element elementor-element-be778a0 elementor-section-boxed elementor-section-height-default elementor-section-height-default\" data-id=\"be778a0\" data-element_type=\"section\" data-e-type=\"section\">\n\t\t\t\t\t\t<div class=\"elementor-container elementor-column-gap-default\">\n\t\t\t\t\t<div class=\"elementor-column elementor-col-100 elementor-top-column elementor-element elementor-element-1d03a47\" data-id=\"1d03a47\" data-element_type=\"column\" data-e-type=\"column\">\n\t\t\t<div class=\"elementor-widget-wrap elementor-element-populated\">\n\t\t\t\t\t\t<div class=\"elementor-element elementor-element-393d0c3 elementor-widget elementor-widget-image\" data-id=\"393d0c3\" data-element_type=\"widget\" data-e-type=\"widget\" data-widget_type=\"image.default\">\n\t\t\t\t<div class=\"elementor-widget-container\">\n\t\t\t\t\t\t\t\t\t\t\t\t\t\t\t<img loading=\"lazy\" decoding=\"async\" width=\"1121\" height=\"621\" src=\"https:\/\/demo.stoffberg.co.za\/new\/wp-content\/uploads\/2023\/04\/stoffberg-kultuur-2.jpg\" class=\"attachment-full size-full wp-image-315\" alt=\"\" srcset=\"https:\/\/demo.stoffberg.co.za\/new\/wp-content\/uploads\/2023\/04\/stoffberg-kultuur-2.jpg 1121w, https:\/\/demo.stoffberg.co.za\/new\/wp-content\/uploads\/2023\/04\/stoffberg-kultuur-2-300x166.jpg 300w, https:\/\/demo.stoffberg.co.za\/new\/wp-content\/uploads\/2023\/04\/stoffberg-kultuur-2-1024x567.jpg 1024w, https:\/\/demo.stoffberg.co.za\/new\/wp-content\/uploads\/2023\/04\/stoffberg-kultuur-2-768x425.jpg 768w\" sizes=\"(max-width: 1121px) 100vw, 1121px\" \/>\t\t\t\t\t\t\t\t\t\t\t\t\t\t\t<\/div>\n\t\t\t\t<\/div>\n\t\t\t\t\t<\/div>\n\t\t<\/div>\n\t\t\t\t\t<\/div>\n\t\t<\/section>\n\t\t\t\t<\/div>\n\t\t","protected":false},"excerpt":{"rendered":"<p>Kultuur Ons vele kultuuraktiwiteite sorg dat talle individue en groepe stories kan vertel en so selfvertroue kan bou. Hier droom ons kultuursterre &#8216;n groter droom. Ons spog met bekende kunstenaars op vele gebiede wat by Ho\u00ebrskool Stoffberg gematrikuleer het. Kunswedstryd, die lewegewende polsslag van Kultuur by Stoffberg. Ons neem deel in groepe, ons neem deel [&hellip;]<\/p>\n","protected":false},"author":1,"featured_media":0,"parent":0,"menu_order":0,"comment_status":"closed","ping_status":"closed","template":"elementor_header_footer","meta":{"hide_page_title":"","footnotes":""},"class_list":["post-186","page","type-page","status-publish","hentry"],"_links":{"self":[{"href":"http:\/\/demo.stoffberg.co.za\/new\/wp-json\/wp\/v2\/pages\/186","targetHints":{"allow":["GET"]}}],"collection":[{"href":"http:\/\/demo.stoffberg.co.za\/new\/wp-json\/wp\/v2\/pages"}],"about":[{"href":"http:\/\/demo.stoffberg.co.za\/new\/wp-json\/wp\/v2\/types\/page"}],"author":[{"embeddable":true,"href":"http:\/\/demo.stoffberg.co.za\/new\/wp-json\/wp\/v2\/users\/1"}],"replies":[{"embeddable":true,"href":"http:\/\/demo.stoffberg.co.za\/new\/wp-json\/wp\/v2\/comments?post=186"}],"version-history":[{"count":17,"href":"http:\/\/demo.stoffberg.co.za\/new\/wp-json\/wp\/v2\/pages\/186\/revisions"}],"predecessor-version":[{"id":321,"href":"http:\/\/demo.stoffberg.co.za\/new\/wp-json\/wp\/v2\/pages\/186\/revisions\/321"}],"wp:attachment":[{"href":"http:\/\/demo.stoffberg.co.za\/new\/wp-json\/wp\/v2\/media?parent=186"}],"curies":[{"name":"wp","href":"https:\/\/api.w.org\/{rel}","templated":true}]}}